e s(-57).
13
Let z(x) = -x**3 + 17*x**2 - 37*x + 5. Calculate z(4).
65
Let x(g) = -109*g - 2137. Calculate x(-34).
1569
Let r(n) = -n**3 + 53*n**2 - 345*n + 964. What is r(46)?
-94
Let x(h) = -13148*h + 65746. Give x(5).
6
Let a(s) = -s**3 + 279*s**2 + 1639*s + 20161. What is a(285)?
-74
Let c(y) = -274*y - 732. Determine c(-2).
-184
Let t(w) = w**3 - 49*w**2 + 335*w + 2276. Give t(39).
131
Let z(o) = -3840*o - 38287. Calculate z(-10).
113
Let u(s) = -9*s**2 - 98*s + 2836. Determine u(-24).
4
Let w(h) = -29*h - 503. Determine w(-9).
-242
Let m(t) = t**2 - 51563*t - 2012472. Calculate m(-39).
6
Let x(f) = -7*f**3 - 2790*f**2 + 1192*f + 174. Calculate x(-399).
2169
Let q(r) = r**3 + 928*r**2 + 3572*r - 114684. Determine q(-924).
-108
Let n(b) = 166*b**2 - 2848*b + 437. Calculate n(17).
-5
Let g(u) = -u**3 + 20*u**2 - 11*u + 110. Calculate g(20).
-110
Let v(r) = -r**3 + 23*r**2 - 110*r - 392. What is v(7)?
-378
Let a(x) = 2*x**3 - 229*x**2 + 6012*x - 109. Give a(74).
1223
Let u(b) = -60*b**2 + 16*b + 18. What is u(4)?
-878
Let y(v) = -5*v**3 + 581*v**2 - 60*v - 6468. Calculate y(116).
28
Let h(m) = -m**3 + 45*m**2 - 409*m + 697. Determine h(36).
-2363
Let r(v) = -v**3 + 231*v**2 + 943*v - 360. Determine r(235).
345
Let x(b) = 15*b - 1820. What is x(48)?
-1100
Let p(c) = 7478*c - 4120365. Calculate p(551).
13
Let d(v) = 8*v**3 + 438*v**2 + 912*v + 61. Give d(-2).
-75
Let w(s) = 4*s**3 + 259*s**2 + 186*s - 358. Calculate w(-64).
26
Let q(j) = -117*j + 13131. Calculate q(137).
-2898
Let d(s) = 52787*s + 1689213. What is d(-32)?
29
Let a(n) = -714*n**2 - 3*n + 392. Calculate a(0).
392
Let d(g) = -5*g**3 + 2736*g**2 - 5505*g + 69. Calculate d(2).
-37
Let t(q) = -q**2 - 31*q - 15. Determine t(-30).
15
Let f(n) = -n**2 + 123*n + 3688. Give f(148).
-12
Let t(d) = -d**3 + 160*d**2 - 3601*d + 70. Calculate t(133).
-1260
Let q(a) = 25*a**2 - 13*a - 34. What is q(-4)?
418
Let f(h) = -4*h**2 - 2942*h + 57280. Give f(19).
-62
Let y(v) = v**2 + 2467*v - 1269054. Calculate y(437).
-6
Let b(c) = 2*c**2 - 3412*c - 23947. Determine b(-7).
35
Let x(t) = 59243*t - 178129. Give x(3).
-400
Let b(c) = 38*c**3 - 265*c**2 - 5*c + 9. What is b(7)?
23
Let x(i) = -291*i + 2207. What is x(11)?
-994
Let y(c) = -3*c**3 - 50*c**2 - 197*c - 3865. Calculate y(-17).
-227
Let n(j) = -10*j**2 - 77*j + 143. What is n(-9)?
26
Let f(m) = 2739*m + 19181. What is f(-7)?
8
Let n(r) = 5*r**2 - 23*r - 582. Determine n(13).
-36
Let m(l) = l**3 - 365*l**2 + 4052*l - 1342435. What is m(364)?
-3
Let h(k) = -1835*k - 28606. Calculate h(-16).
754
Let o(p) = -2184*p + 137409. Give o(64).
-2367
Let s(y) = 14437*y + 43046. Give s(-3).
-265
Let l(a) = -436*a + 10572. Calculate l(27).
-1200
Let u(f) = -1842*f**2 - 4605*f - 1845. Give u(-2).
-3
Let n(w) = -38919*w - 1012016. Give n(-26).
-122
Let b(o) = 206*o**2 + 4665*o - 1684. Give b(-23).
-5
Let c(q) = 2*q**3 + 16*q**2 - 336*q - 1110. What is c(-3)?
-12
Let l(i) = 2*i**2 + 10482*i + 825749. What is l(-80)?
-11
Let q(y) = -6*y**3 - 554*y**2 - 172*y - 36. What is q(-92)?
-1140
Let a(l) = 4*l**3 + 1780*l**2 + 10532*l - 33. What is a(-6)?
-9
Let x(i) = -27302*i + 54575. Determine x(2).
-29
Let t(p) = 8*p**3 - 379*p**2 + 132*p + 637. What is t(47)?
214
Let d(y) = -142816*y + 428498. Give d(3).
50
Let s(z) = 3*z**3 + 485*z**2 - 243*z - 13120. What is s(-162)?
2
Let j(y) = -1261*y - 422398. What is j(-335)?
37
Let t(q) = 3*q**2 + 1091*q - 38206. What is t(32)?
-222
Let t(p) = 76*p**3 - 250*p**2 - 733*p + 25. Give t(-3).
-2078
Let z(i) = 3*i**3 - i**2 - 104*i + 328. What is z(3)?
88
Let t(c) = -59*c**2 - 2479*c - 2463. Calculate t(-41).
-3
Let b(u) = -1193*u**3 + 11*u**2 + 13*u. Determine b(-1).
1191
Let y(x) = x**2 - 2*x - 6244. Calculate y(-78).
-4
Let v(g) = -348*g**3 - 58*g**2 + 5*g + 3. Give v(1).
-398
Let t(m) = -438*m + 28436. Give t(65).
-34
Let y(l) = -3*l**3 + 2*l**2 - 36*l - 100. What is y(-3)?
107
Let v(r) = 1010*r + 48490. Give v(-48).
10
Let y(d) = d**2 + 9241*d - 529986. Determine y(57).
0
Let h(r) = -382213*r + 3822123. Determine h(10).
-7
Let v(d) = 11*d**3 + 313*d**2 + 129*d - 84. Calculate v(-28).
224
Let l(t) = -4*t**2 + 13893*t - 97051. Give l(7).
4
Let l(w) = 1719*w + 240376. What is l(-140)?
-284
Let d(v) = 19951*v - 119716. Determine d(6).
-10
Let n(r) = r**3 + 32*r**2 - 1111*r - 35572. Calculate n(-34).
-110
Let o(h) = 2829*h - 2076566. Calculate o(734).
-80
Let q(c) = 74706*c + 21291221. Calculate q(-285).
11
Let w(f) = -f**3 + 791*f**2 + 2019*f - 1097. Give w(-3).
-8
Let q(w) = -w**3 - 163*w**2 - 956*w + 44024. What is q(-155)?
4
Let d(q) = 8*q**2 - 3317*q - 330406. What is d(-83)?
17
Let g(i) = -712*i - 226416. Calculate g(-318).
0
Let z(v) = -155*v - 16636. What is z(-106)?
-206
Let v(d) = d**3 - 68*d**2 + 52*d - 1896. Give v(67).
-2901
Let p(i) = -144*i**2 + 5*i - 268. What is p(0)?
-268
Let k(a) = a**3 + 8*a**2 - 172*a - 1706. What is k(-10)?
-186
Let s(v) = -1321*v + 11819. What is s(9)?
-70
Let i(p) = -p**3 - 265*p**2 - 1288*p + 306. Calculate i(-260).
-2814
Let c(y) = -223*y + 52515. Calculate c(235).
110
Let t(f) = 2*f**3 + 266*f**2 + 6149*f - 3153. Calculate t(-103).
40
Let i(a) = 88*a**2 - 127*a - 108. Give i(-2).
498
Let q(u) = u**3 - 191*u**2 - 24*u + 4584. Determine q(191).
0
Let p(x) = -99*x**2 + 8600*x + 263. Determine p(87).
-868
Let q(s) = -1458*s + 64077. Calculate q(44).
-75
Let o(a) = -582*a + 23714. Determine o(39).
1016
Let r(y) = 18*y**2 - 438*y + 219. Give r(24).
75
Let r(u) = -7*u**3 + 160*u**2 + 128*u - 2458. Calculate r(23).
-43
Let g(r) = -42*r**2 + 454*r + 120. What is g(11)?
32
Let f(t) = 13640*t + 109261. Calculate f(-8).
141
Let j(x) = x**3 - 12*x**2 - 51*x + 4. Calculate j(0).
4
Let s(l) = l**3 + 291*l**2 + 4139*l + 6. Determine s(-15).
21
Let u(z) = -6*z**3 + 26*z**2 - 1029*z + 4105. Give u(4).
21
Let i(x) = -x**3 + 225*x**2 - 182*x - 9394. What is i(224)?
14
Let b(u) = 127302*u - 4200977. Give b(33).
-11
Let y(k) = 3*k**2 + 166*k + 1672. Give y(-42).
-8
Let b(j) = 5*j**3 - 86*j**2 + 20*j + 21. Calculate b(17).
72
Let m(x) = -x**3 - 990*x**2 - 3018*x - 56261. Calculate m(-987).
-2
Let w(m) = -3*m**3 - 10*m**2 - 18*m - 579. Calculate w(-7).
86
Let w(v) = 2*v**3 + 326*v**2 - 35700*v + 5. What is w(75)?
5
Let t(q) = -13*q**3 + 599*q - 2990. What is t(5)?
-1620
Let x(i) = 703*i - 29844. What is x(38)?
-3130
Let i(r) = -r**3 + 3*r**2 + 62*r - 1434. Give i(-12).
-18
Let m(n) = -313*n + 5153. Give m(22).
-1733
Let a(d) = 66236*d + 12253666. Give a(-185).
6
Let l(m) = 61*m**2 + 76*m - 7. Determine l(-1).
-22
Let h(t) = t**3 + 41*t**2 - 8105*t - 84163. Determine h(-10).
-13
Let d(i) = -i**3 - 842*i**2 - 18822*i + 12280. What is d(-819)?
-5
Let i(h) = -11917*h - 143004. Give i(-12).
0
Let c(j) = 64602*j - 64601. What is c(1)?
1
Let f(t) = -t**2 + 5893*t - 721007. Give f(125).
-7
Let h(c) = 3684*c - 6883. Give h(2).
485
Let q(p) = -p**3 + 105*p**2 - 686*p + 25. Give q(98).
25
Let z(b) = 2869*b + 34373. Determine z(-12).
-55
Let u(t) = -2568*t - 66852. Determine u(-26).
-84
Let n(x) = -2*x**3 + 3*x**2 + 4780*x + 14336. Give n(-3).
77
Let l(f) = -f**3 + 6*f**2 - 5748*f + 40262. Give l(7).
-23
Let h(k) = 9854*k - 2867480. What is h(291)?
34
Let n(x) = 827949*x + 4967707. Calculate n(-6).
13
Let c(f) = f**3 - 9*f**2 - 47*f - 862. Give c(-15).
-5557
Let x(o) = -3*o**3 + 24*o**2 - 18*o - 22. Give x(5).
113
Let j(f) = f**3 - 102*f**2 + 1096*f + 121. Give j(90).
1561
Let z(i) = 192*i - 3329. Determine z(16).
-257
Let j(g) = -g**2 - 2639*g - 91004. Determine j(-35).
136
Let z(v) = v**2 - 260*v - 53632. Calculate z(-136).
224
Let a(l) = -674*l**2 - 5436*l - 346. Give a(-8).
6
Let o(j) = -4071*j - 468120. Calculate o(-115).
45
Let q(r) = -r**3 + 330*r**2 + 550*r - 72488. Give q(331).
1
Let w(b) = 3*b**3 - 331*b**2 - 1484*b - 463. What is w(-4)?
-15
Let r(d) = d**3 + 2*d**2 - 63*d - 236. What is r(-5)?
4
Let m(y) = -463*y - 9094. Calculate m(-20).
166
Let f(y) = y**2 + 37758*y + 566139. Give f(-15).
-6
Let f(x) = 1805*x - 34655. What is f(20)?
1445
Let a(n) = -n**2 + 48*n + 262. What is a(61)?
-531
Let g(t) = 3*t**3 - 2060*t**2 + 1172*t - 1277139. Calculate g(687).
-6
Let w(p) = -11*p**2 + 82*p - 147. Calculate w(15).
-1392
Let p(f) = 4*f**3 + 280*f**2 + 2*f - 18. Calculate p(-70).
-158
Let z(p) = 2*p**3 - 24*p**2 -